3612?
True
Does 11 divide 1001?
True
Does 33 divide 19037?
False
Is 159 a multiple of 103?
False
Is 71450 a multiple of 50?
True
Is 10515 a multiple of 125?
False
Is 1692 a multiple of 6?
True
Does 4 divide 2572?
True
Is 44 a factor of 1804?
True
Does 44 divide 924?
True
Does 9 divide 16647?
False
Does 52 divide 21029?
False
Is 39 a factor of 2528?
False
Is 33920 a multiple of 320?
True
Does 140 divide 5265?
False
Is 8531 a multiple of 38?
False
Is 10 a factor of 1394?
False
Is 6892 a multiple of 16?
False
Does 8 divide 684?
False
Is 29 a factor of 30044?
True
Is 1533 a multiple of 7?
True
Is 1337 a multiple of 191?
True
Is 931 a multiple of 15?
False
Does 9 divide 2529?
True
Does 22 divide 20658?
True
Is 8 a factor of 258?
False
Is 11 a factor of 2753?
False
Does 19 divide 9481?
True
Is 45 a multiple of 6?
False
Is 290 a factor of 25113?
False
Is 1757 a multiple of 27?
False
Does 4 divide 243?
False
Is 15 a factor of 194?
False
Does 36 divide 2808?
True
Is 21 a factor of 2331?
True
Does 32 divide 1603?
False
Is 24545 a multiple of 59?
False
Does 58 divide 4415?
False
Is 13 a factor of 7230?
False
Does 21 divide 28740?
False
Is 3769 a multiple of 12?
False
Does 13 divide 286?
True
Is 34 a factor of 8058?
True
Does 14 divide 252?
True
Is 14 a factor of 501?
False
Is 45 a multiple of 11?
False
Does 24 divide 744?
True
Is 3 a factor of 433?
False
Is 97169 a multiple of 8?
False
Is 1194 a multiple of 66?
False
Is 213 a factor of 43026?
True
Is 6 a factor of 107?
False
Does 7 divide 121?
False
Is 60 a factor of 7140?
True
Is 9 a factor of 2286?
True
Is 22 a factor of 176?
True
Is 1269 a multiple of 6?
False
Does 32 divide 705?
False
Is 892 a multiple of 4?
True
Is 13 a factor of 2717?
True
Is 4320 a multiple of 72?
True
Is 20 a factor of 1140?
True
Is 38 a multiple of 11?
False
Is 10 a factor of 47130?
True
Is 17908 a multiple of 22?
True
Is 12 a factor of 1740?
True
Is 150 a multiple of 75?
True
Is 11484 a multiple of 99?
True
Is 16 a factor of 2304?
True
Is 7985 a multiple of 42?
False
Does 2 divide 249?
False
Is 7524 a multiple of 18?
True
Is 3124 a multiple of 44?
True
Does 7 divide 2499?
True
Does 36 divide 1584?
True
Does 10 divide 4306?
False
Is 8 a factor of 641?
False
Does 49 divide 14112?
True
Is 531 a multiple of 42?
False
Is 59 a factor of 3422?
True
Is 3924 a multiple of 83?
False
Is 36 a factor of 1223?
False
Is 924 a multiple of 12?
True
Is 15 a factor of 13639?
False
Is 24 a factor of 840?
True
Is 19 a multiple of 10?
False
Does 6 divide 53?
False
Is 230 a factor of 15870?
True
Is 12 a factor of 17365?
False
Is 3018 a multiple of 37?
False
Is 2384 a multiple of 36?
False
Is 2 a factor of 32?
True
Does 17 divide 9775?
True
Does 14 divide 374?
False
Does 19 divide 1197?
True
Is 2412 a multiple of 6?
True
Is 85289 a multiple of 29?
True
Is 24 a factor of 2859?
False
Does 8 divide 680?
True
Is 17472 a multiple of 26?
True
Does 128 divide 71085?
False
Does 36 divide 6918?
False
Is 16 a factor of 5888?
True
Is 4 a factor of 2360?
True
Is 5434 a multiple of 19?
True
Does 13 divide 56007?
False
Does 7 divide 1457?
False
Is 7562 a multiple of 19?
True
Is 2705 a multiple of 31?
False
Is 443 a factor of 108092?
True
Is 12237 a multiple of 151?
False
Does 31 divide 15469?
True
Is 1808 a multiple of 8?
True
Is 2076 a multiple of 62?
False
Is 5443 a multiple of 2?
False
Does 5 divide 225?
True
Does 2 divide 1916?
True
Does 6 divide 246?
True
Is 930 a multiple of 15?
True
Does 86 divide 19866?
True
Is 4943 a multiple of 13?
False
Is 50 a factor of 1300?
True
Is 37 a factor of 62112?
False
Does 8 divide 2609?
False
Does 36 divide 1116?
True
Does 13 divide 12233?
True
Is 2267 a multiple of 103?
False
Is 12665 a multiple of 10?
False
Does 3 divide 19490?
False
Is 15948 a multiple of 7?
False
Is 16 a factor of 1424?
True
Is 36 a multiple of 12?
True
Is 3 a factor of 3397?
False
Does 48 divide 979?
False
Is 972 a multiple of 9?
True
Does 114 divide 6166?
False
Does 6 divide 150?
True
Is 27 a factor of 1170?
False
Is 8 a factor of 1443?
False
Does 15 divide 11537?
False
Is 80484 a multiple of 19?
True
Does 74 divide 2294?
True
Is 16 a factor of 1218?
False
Is 3694 a multiple of 17?
False
Is 581 a multiple of 67?
False
Is 406 a multiple of 6?
False
Is 51 a factor of 44049?
False
Does 25 divide 600?
True
Does 70 divide 253?
False
Does 16 divide 3408?
True
Is 102 a multiple of 51?
True
Does 6 divide 3258?
True
Is 20 a factor of 554?
False
Does 12 divide 1826?
False
Is 41 a factor of 685?
False
Does 177 divide 25267?
False
Is 101 a factor of 94536?
True
Does 74 divide 666?
True
Is 32 a factor of 33168?
False
Does 7 divide 6381?
False
Is 18 a factor of 6314?
False
Is 164 a factor of 6328?
False
Is 4 a factor of 15168?
True
Does 66 divide 5010?
False
Does 57 divide 12642?
False
Does 24 divide 168?
True
Does 71 divide 27704?
False
Is 38 a factor of 115710?
True
Does 92 divide 3294?
False
Is 8268 a multiple of 12?
True
Does 35 divide 1155?
True
Does 144 divide 17280?
True
Is 51 a factor of 102?
True
Is 61 a factor of 3343?
False
Does 47 divide 1645?
True
Is 6 a factor of 21?
False
Does 19 divide 49666?
True
Does 36 divide 2268?
True
Is 46 a factor of 46?
True
Is 5225 a multiple of 13?
False
Is 20 a factor of 6740?
True
Is 9143 a multiple of 41?
True
Does 31 divide 2236?
False
Is 14 a factor of 2030?
True
Is 58 a factor of 6786?
True
Is 26 a factor of 3423?
False
Does 69 divide 8901?
True
Is 11 a factor of 792?
True
Is 6 a factor of 31746?
True
Is 15 a factor of 101?
False
Is 52 a factor of 1758?
False
Does 62 divide 1144?
False
Is 31 a factor of 15748?
True
Is 43 a factor of 688?
True
Is 32 a factor of 24607?
False
Does 15 divide 1695?
True
Is 42 a factor of 378?
True
Is 14989 a multiple of 24?
False
Is 33 a factor of 312?
False
Does 3 divide 37?
False
Does 14 divide 2095?
False
Does 3 divide 18001?
False
Does 5 divide 205?
True
Does 90 divide 9900?
True
Is 2900 a multiple of 58?
True
Does 36 divide 5400?
True
Is 133 a factor of 15428?
True
Does 39 divide 195?
True
Is 79 a factor of 1345?
False
Does 49 divide 2757?
False
Is 28 a factor of 4315?
False
Does 86 divide 344?
True
Is 20 a factor of 2493?
False
Is 14 a factor of 88?
False
Is 4 a factor of 26920?
True
Is 482 a multiple of 42?
False
Does 3 divide 135?
True
Is 76 a factor of 2190?
False
Does 22 divide 3611?
False
Is 11 a factor of 16841?
True
Does 24 divide 17136?
True
Is 8455 a multiple of 89?
True
Is 45 a factor of 674?
False
Is 24 a factor of 2172?
False
Does 13 divide 4148?
False
Is 5 a factor of 12910?
True
Is 19 a factor of 71?
False
Is 9 a factor of 5362?
False
Does 43 divide 1763?
True
Is 2074 a multiple of 13?
False
Does 10 divide 20140?
True
Does 22 divide 418?
True
Is 173 a multiple of 13?
False
Is 14 a factor of 5446?
True
Is 7 a factor of 1972?
False
Is 6 a factor of 874?
False
Is 1952 a multiple of 56?
False
Is 38 a factor of 16264?
True
Is 84 a factor of 34020?
True
Is 5 a factor of 1083?
False
Is 2346 a multiple of 34?
True
Is 999 a multiple of 37?
True
Does 51 divide 561?
True
Does 66 divide 858?
True
Is 2688 a multiple of 8?
True
Does 9 divide 28?
False
Is 443 a multiple of 19?
False
Is 5511 a multiple of 7?
False
Does 16 divide 8720?
True
Is 2552 a multiple of 22?
True
Does 63 divide 189?
True
Is 33993 a multiple of 13?
False
Does 17 divide 378?
False
Does 16 divide 2148?
False
Does 18 divide 748?
False
Is 19 a factor of 304?
True
Does 3 divide 604?
False
Is 14091 a multiple of 61?
True
Does 40 divide 7720?
True
Is 44 a multiple of 11?
True
Does 146 divide 9933?
False
Does 18 divide 9882?
True
Does 18 divide 226?
False
Does 5 divide 356?
False
Is 52 a factor of 478?
False
Is 27972 a multiple of 27?
True
Is 122 a multiple of 17?
False
Does 22 divide 2130?
False
Is 29469 a multiple of 33?
True
Does 9 divide 306?
True
Does 36 divide 216?
True
Is 6 a factor of 804?
True
Is 500 a multiple of 10?
True
Does 18 divide 396?
True
Is 25 a factor of 31?
False
Does 5 divide 2146?
False
Does 6 divide 288?
True
Is 53 a factor of 2163?
False
Is 102409 a multiple of 212?
False
Is 20 a factor of 32827?
False
Is 1779 a multiple of 23?
False
Is 2342 a multiple of 2?
True
Is 26 a factor of 4212?
True
Does 115 divide 5096?
False
Is 82 a factor of 1230?
True
Is 33310 a multiple of 66?
False
Does 6 divid